tor of 474 and 78?
6
Calculate the highest common divisor of 42 and 70.
14
What is the highest common divisor of 38 and 513?
19
What is the greatest common divisor of 13 and 13?
13
What is the greatest common divisor of 39 and 21?
3
Calculate the highest common divisor of 8 and 8104.
8
Calculate the highest common factor of 505 and 303.
101
Calculate the greatest common divisor of 34 and 8.
2
What is the greatest common divisor of 10 and 605?
5
What is the highest common divisor of 66 and 10?
2
Calculate the greatest common factor of 87 and 406.
29
Calculate the highest common factor of 123 and 109101.
123
What is the greatest common factor of 438 and 2482?
146
Calculate the highest common factor of 1122 and 68.
34
Calculate the highest common divisor of 54 and 36.
18
What is the highest common divisor of 406 and 98?
14
What is the greatest common factor of 15 and 21?
3
Calculate the greatest common divisor of 369 and 1143.
9
What is the highest common factor of 16184 and 1445?
289
Calculate the highest common divisor of 1242 and 12.
6
What is the greatest common factor of 187 and 2176?
17
What is the highest common divisor of 43 and 2150?
43
Calculate the greatest common divisor of 84 and 36750.
42
Calculate the greatest common divisor of 1386 and 18.
18
What is the highest common factor of 150 and 250?
50
Calculate the highest common factor of 28 and 3584.
28
What is the highest common divisor of 10 and 2608?
2
What is the highest common factor of 16 and 20?
4
What is the greatest common divisor of 792 and 936?
72
What is the highest common factor of 6809 and 11?
11
Calculate the greatest common divisor of 3657 and 46.
23
Calculate the greatest common divisor of 12 and 2316.
12
What is the greatest common divisor of 288 and 9?
9
Calculate the highest common divisor of 143 and 7722.
143
What is the greatest common divisor of 2870 and 210?
70
What is the greatest common factor of 8 and 568?
8
What is the greatest common divisor of 8099 and 7?
7
Calculate the highest common factor of 4096 and 64.
64
What is the greatest common factor of 483 and 21?
21
What is the greatest common factor of 25 and 50?
25
Calculate the greatest common divisor of 11277 and 63.
63
What is the greatest common divisor of 272 and 119?
17
Calculate the highest common factor of 936 and 104.
104
What is the greatest common factor of 164 and 123?
41
Calculate the highest common divisor of 1007 and 159.
53
Calculate the greatest common factor of 16 and 2096.
16
Calculate the greatest common divisor of 12 and 11796.
12
Calculate the highest common divisor of 51 and 3.
3
Calculate the greatest common divisor of 6 and 69.
3
Calculate the greatest common factor of 3249 and 81.
9
What is the highest common factor of 136 and 119?
17
Calculate the greatest common divisor of 1188 and 492.
12
Calculate the highest common divisor of 80 and 2.
2
What is the greatest common factor of 50 and 175?
25
What is the greatest common divisor of 171 and 9?
9
Calculate the highest common factor of 279 and 7.
1
What is the highest common factor of 299 and 23?
23
What is the highest common factor of 14 and 574?
14
Calculate the greatest common factor of 414 and 3450.
138
What is the highest common factor of 2 and 512?
2
Calculate the greatest common divisor of 1460 and 219.
73
Calculate the greatest common divisor of 64 and 1792.
64
What is the greatest common divisor of 66 and 48?
6
Calculate the highest common factor of 153 and 9.
9
What is the highest common divisor of 8192 and 40?
8
What is the greatest common divisor of 176 and 121?
11
Calculate the greatest common divisor of 247 and 65.
13
What is the greatest common divisor of 21868 and 71?
71
What is the greatest common factor of 2704 and 88?
8
Calculate the highest common factor of 21 and 2408.
7
Calculate the highest common divisor of 48 and 12.
12
Calculate the greatest common divisor of 363 and 5676.
33
What is the greatest common divisor of 294 and 154?
14
What is the greatest common factor of 22 and 374?
22
What is the highest common factor of 5 and 3715?
5
Calculate the greatest common divisor of 5 and 1135.
5
What is the highest common divisor of 1425 and 525?
75
Calculate the greatest common divisor of 50 and 250.
50
Calculate the highest common divisor of 30 and 502.
2
What is the greatest common divisor of 105 and 885?
15
What is the highest common divisor of 46 and 1978?
46
What is the greatest common divisor of 98 and 1022?
14
What is the highest common factor of 105 and 60?
15
Calculate the greatest common factor of 190 and 1045.
95
Calculate the highest common factor of 54 and 594.
54
Calculate the greatest common divisor of 444 and 1184.
148
Calculate the highest common divisor of 11 and 2167.
11
Calculate the highest common factor of 3211 and 133.
19
What is the highest common factor of 24 and 4506?
6
Calculate the greatest common factor of 6106 and 142.
142
What is the highest common divisor of 117 and 1157?
13
Calculate the highest common divisor of 60 and 1200.
60
Calculate the highest common factor of 105 and 20985.
15
What is the greatest common factor of 136 and 48?
8
Calculate the greatest common factor of 232 and 8.
8
Calculate the highest common factor of 256 and 16.
16
What is the greatest common factor of 512 and 704?
64
What is the highest common factor of 1 and 263?
1
What is the highest common divisor of 3321 and 123?
123
Calculate the greatest common factor of 306 and 126.
18
What is the greatest common divisor of 264 and 816?
24
Calculate the greatest common factor of 12 and 732.
12
Calculate the greatest common divisor of 248 and 32.
8
What is the highest common factor of 3818 and 166?
166
What is the greatest common factor of 44 and 3828?
44
Calculate the greatest common factor of 722 and 323.
19
Calculate the highest common divisor of 1400 and 224.
56
What is the highest common divisor of 96 and 8?
8
What is the greatest common factor of 45 and 1740?
15
What is the greatest common factor of 1332 and 1152?
36
Calculate the greatest common divisor of 60 and 5170.
10
Calculate the greatest common factor of 11 and 1507.
11
Calculate the greatest common divisor of 928 and 32.
32
Calculate the highest common factor of 798 and 420.
42
Calculate the greatest common factor of 1073 and 319.
29
What is the highest common divisor of 2219 and 1268?
317
What is the greatest common divisor of 14 and 42?
14
What is the greatest common divisor of 357 and 21?
21
Calculate the greatest common divisor of 234 and 558.
18
Calculate the highest common divisor of 4 and 23.
1
What is the greatest common factor of 25 and 28850?
25
What is the highest common divisor of 1955 and 595?
85
What is the highest common factor of 1308 and 12?
12
What is the highest common factor of 345 and 17135?
115
Calculate the highest common divisor of 29 and 551.
29
Calculate the highest common divisor of 448 and 56.
56
Calculate the greatest common divisor of 146 and 7738.
146
What is the highest common factor of 4 and 1?
1
What is the greatest common factor of 34 and 323?
17
Calculate the greatest common factor of 35 and 966.
7
What is the highest common factor of 4215 and 105?
15
What is the greatest common divisor of 455 and 665?
35
Calculate the highest common divisor of 182 and 208.
26
Calculate the highest common factor of 6286 and 7.
7
What is the greatest common divisor of 8918 and 26?
26
What is the highest common factor of 244 and 12?
4
What is the greatest common divisor of 462 and 70?
14
What is the greatest common factor of 605 and 110?
55
What is the highest common factor of 964 and 16147?
241
Calculate the highest common factor of 5710 and 6.
2
What is the greatest common divisor of 22 and 176?
22
What is the greatest common factor of 3168 and 627?
33
What is the greatest common factor of 18 and 54?
18
What is the highest common divisor of 34 and 68?
34
What is the greatest common divisor of 56 and 520?
8
What is the highest common divisor of 120 and 16?
8
Calculate the greatest common factor of 14 and 1169.
7
What is the greatest common factor of 56 and 35?
7
Calculate the greatest common factor of 72 and 54.
18
What is the highest common factor of 26 and 234?
26
Calculate the greatest common factor of 5604 and 12.
12
Calculate 